e highest common factor of 792 and 9603.
99
Calculate the highest common divisor of 5950 and 12525.
25
Calculate the greatest common divisor of 132 and 10571.
11
Calculate the highest common divisor of 378 and 19978.
14
What is the greatest common divisor of 112932 and 54?
18
What is the greatest common factor of 4 and 99550?
2
Calculate the highest common divisor of 27777 and 4531.
197
Calculate the greatest common divisor of 19659 and 33.
3
Calculate the greatest common divisor of 192 and 46416.
48
What is the highest common factor of 46 and 11983?
23
Calculate the highest common divisor of 1241 and 224621.
1241
What is the greatest common divisor of 280 and 700714?
14
What is the highest common divisor of 45 and 33219?
9
What is the greatest common factor of 2112 and 5371872?
1056
What is the highest common factor of 332658 and 216?
18
What is the greatest common divisor of 18 and 45464?
2
Calculate the greatest common divisor of 366299 and 51.
17
What is the highest common divisor of 58 and 165329?
29
Calculate the greatest common factor of 259303 and 22.
11
What is the highest common factor of 206 and 495739?
103
Calculate the greatest common divisor of 18 and 31110.
6
What is the highest common divisor of 92 and 56235?
23
What is the highest common factor of 795798 and 234?
18
Calculate the greatest common factor of 13736 and 976973.
1717
Calculate the highest common divisor of 5275 and 135.
5
Calculate the highest common divisor of 5616 and 30186.
702
What is the highest common factor of 517563 and 783?
783
Calculate the highest common factor of 21152 and 192.
32
What is the highest common divisor of 1615 and 247418?
323
Calculate the greatest common factor of 4636 and 1765157.
1159
What is the greatest common divisor of 94831 and 1628?
407
Calculate the greatest common factor of 30 and 3571185.
15
What is the highest common divisor of 159 and 50937?
3
Calculate the greatest common divisor of 4960 and 620.
620
Calculate the greatest common divisor of 281 and 67721.
281
Calculate the highest common factor of 1148 and 492.
164
Calculate the highest common factor of 31551 and 3354.
39
What is the greatest common factor of 6075 and 16325?
25
Calculate the highest common divisor of 876 and 1314.
438
What is the highest common factor of 4657797 and 501?
501
Calculate the highest common divisor of 48 and 514.
2
Calculate the highest common divisor of 177 and 421437.
177
What is the highest common factor of 784 and 28665?
49
Calculate the highest common divisor of 49060 and 33.
11
Calculate the greatest common divisor of 274276 and 7640.
764
What is the greatest common factor of 313842 and 19?
19
What is the greatest common factor of 72875 and 42559?
583
Calculate the greatest common divisor of 9422312 and 1096.
1096
What is the greatest common factor of 204 and 362814?
102
Calculate the highest common divisor of 247 and 333203.
247
What is the highest common divisor of 6688 and 14080?
352
Calculate the greatest common factor of 836 and 333960.
44
What is the highest common divisor of 1323 and 343?
49
Calculate the highest common divisor of 3370 and 20.
10
What is the greatest common divisor of 2900 and 775?
25
Calculate the greatest common factor of 9809 and 731.
17
What is the greatest common divisor of 335148 and 132?
132
What is the highest common factor of 14212 and 29172?
748
Calculate the greatest common factor of 898963 and 39.
13
What is the highest common divisor of 189649 and 610?
61
Calculate the greatest common factor of 76895 and 5.
5
What is the greatest common divisor of 1056 and 1518?
66
What is the highest common factor of 287 and 274905?
41
Calculate the greatest common factor of 252 and 332.
4
Calculate the greatest common divisor of 25900 and 4100.
100
Calculate the greatest common factor of 87507 and 783.
27
Calculate the highest common factor of 584832 and 576.
192
What is the greatest common divisor of 84 and 642978?
42
Calculate the greatest common factor of 40670 and 196.
98
What is the highest common divisor of 6686119 and 209?
209
What is the highest common divisor of 4110638 and 14?
14
What is the highest common factor of 306 and 2312?
34
Calculate the highest common factor of 6740 and 140.
20
Calculate the highest common divisor of 2303613 and 13.
13
What is the greatest common factor of 1555 and 80?
5
What is the highest common divisor of 1525 and 4087?
61
Calculate the greatest common divisor of 146659 and 17.
17
Calculate the greatest common factor of 38464 and 336.
16
What is the highest common divisor of 1170 and 92235?
195
What is the highest common factor of 9688 and 3460?
692
Calculate the highest common factor of 4257 and 2673.
99
Calculate the greatest common factor of 27 and 1011771.
27
What is the greatest common factor of 36 and 2547?
9
Calculate the highest common divisor of 1220 and 767685.
305
What is the greatest common factor of 777556 and 39?
13
What is the highest common divisor of 8582 and 14?
14
Calculate the highest common divisor of 780 and 10915.
5
Calculate the greatest common factor of 63378 and 8.
2
Calculate the highest common divisor of 2740 and 4932.
548
What is the greatest common divisor of 42 and 253362?
6
Calculate the greatest common divisor of 4599 and 5621.
511
Calculate the greatest common divisor of 1179 and 79517.
131
Calculate the highest common factor of 87 and 157847.
29
Calculate the greatest common divisor of 26752 and 896.
128
Calculate the highest common divisor of 7313 and 36256.
103
Calculate the highest common divisor of 20979 and 20202.
777
Calculate the greatest common divisor of 821418 and 195.
39
What is the greatest common divisor of 290656 and 128?
32
Calculate the highest common factor of 9912 and 93.
3
What is the greatest common divisor of 7533526 and 7?
7
Calculate the greatest common divisor of 1312 and 6688.
32
What is the highest common divisor of 506 and 86273?
253
Calculate the greatest common divisor of 74408 and 284.
284
What is the highest common divisor of 2439 and 97831?
271
What is the highest common factor of 2618 and 27574?
34
Calculate the greatest common factor of 2639 and 17661.
203
Calculate the greatest common factor of 426645 and 90.
45
Calculate the greatest common divisor of 68524 and 21016.
148
What is the greatest common factor of 234531 and 309?
309
What is the highest common divisor of 3365 and 265?
5
What is the greatest common divisor of 862279 and 1419?
473
What is the greatest common factor of 51655 and 5?
5
What is the highest common divisor of 44600 and 20962?
446
Calculate the greatest common divisor of 632 and 92.
4
Calculate the greatest common divisor of 1134 and 54702.
54
Calculate the highest common factor of 3860 and 53654.
386
What is the highest common divisor of 672 and 1037148?
84
What is the greatest common divisor of 43008 and 15120?
336
What is the highest common factor of 16650 and 11766?
222
Calculate the highest common factor of 192 and 20912.
16
What is the highest common divisor of 9086 and 616?
154
What is the highest common factor of 26 and 51103?
13
What is the greatest common factor of 6 and 1718202?
6
What is the greatest common divisor of 10160 and 12?
4
Calculate the highest common divisor of 721 and 6283.
103
Calculate the highest common factor of 1412203 and 13.
13
Calculate the highest common factor of 3267 and 1260171.
297
What is the greatest common factor of 5389 and 6023?
317
Calculate the highest common factor of 78072 and 24.
24
What is the highest common divisor of 122717 and 47?
47
Calculate the greatest common factor of 20381 and 229.
229
Calculate the greatest common factor of 95170 and 5270.
310
Calculate the greatest common divisor of 8712 and 143.
11
Calculate the greatest common divisor of 9089 and 3278.
149
What is the greatest common divisor of 117950 and 150?
50
Calculate the greatest common divisor of 17572 and 5730.
382
What is the highest common factor of 728676 and 468?
468
What is the highest common divisor of 120720 and 480?
240
Calculate the highest common divisor of 22416 and 144.
48
What is the greatest common factor of 36358 and 318?
106
Calculate the greatest common factor of 338 and 3328.
26
Calculate the highest common factor of 4074616 and 1158.
386
What is the